d 2033.
19
Calculate the greatest common factor of 129514 and 154.
154
Calculate the greatest common divisor of 24 and 60568.
8
Calculate the highest common factor of 1615 and 935.
85
Calculate the highest common factor of 547716 and 156.
156
What is the highest common divisor of 5814 and 204408?
306
What is the greatest common factor of 185280 and 1230?
30
Calculate the highest common factor of 586729 and 52.
13
What is the greatest common divisor of 72868 and 20?
4
Calculate the highest common divisor of 69 and 3357.
3
Calculate the highest common divisor of 4019913 and 36.
9
What is the highest common factor of 230 and 1143606?
46
Calculate the greatest common divisor of 4018 and 31703.
49
Calculate the highest common factor of 5174530 and 20.
10
Calculate the highest common factor of 152 and 340556.
76
Calculate the greatest common divisor of 2640 and 2288.
176
What is the greatest common factor of 210868 and 476?
476
What is the greatest common divisor of 1458820 and 40?
20
What is the highest common divisor of 32181 and 969?
51
Calculate the highest common factor of 18618 and 1218.
174
Calculate the greatest common divisor of 3560 and 1480070.
890
Calculate the greatest common factor of 25 and 11621425.
25
Calculate the greatest common factor of 5032 and 31820.
148
Calculate the highest common divisor of 296 and 2470934.
74
Calculate the highest common factor of 3236 and 212.
4
What is the greatest common factor of 114 and 260718?
114
What is the greatest common factor of 9072 and 31024?
112
Calculate the greatest common factor of 14351 and 3051.
113
Calculate the greatest common factor of 100219 and 515.
103
What is the highest common factor of 2600 and 59200?
200
What is the greatest common factor of 3370 and 460?
10
Calculate the highest common divisor of 135 and 358857.
27
What is the highest common factor of 72 and 800388?
36
What is the highest common divisor of 66800 and 800?
400
Calculate the highest common factor of 1688 and 1016.
8
What is the highest common divisor of 7367319 and 774?
387
What is the greatest common factor of 370775 and 85?
5
What is the greatest common factor of 429 and 5115?
33
Calculate the greatest common divisor of 7277 and 475.
19
Calculate the greatest common factor of 1853 and 11336.
109
Calculate the highest common divisor of 34671 and 147.
21
Calculate the greatest common factor of 215 and 300957.
43
Calculate the highest common factor of 14689 and 148.
37
What is the highest common factor of 394 and 181043?
197
What is the highest common divisor of 20090 and 85?
5
Calculate the highest common factor of 504416 and 64.
32
What is the highest common divisor of 629 and 7585?
37
What is the greatest common factor of 847 and 28043323?
847
What is the greatest common factor of 3 and 1885269?
3
What is the greatest common factor of 3 and 451509?
3
Calculate the highest common divisor of 225 and 11763.
9
Calculate the highest common factor of 14 and 8042678.
14
Calculate the highest common factor of 1066 and 6917807.
533
Calculate the greatest common factor of 110 and 253275.
55
What is the highest common divisor of 35335 and 148?
37
Calculate the greatest common factor of 320 and 36112.
16
What is the greatest common divisor of 74 and 300218?
74
What is the highest common divisor of 1144 and 32252?
44
What is the greatest common divisor of 150693 and 9?
3
What is the greatest common factor of 538600 and 600?
200
What is the greatest common factor of 828 and 480?
12
Calculate the greatest common factor of 12947 and 7986.
121
What is the greatest common factor of 241167 and 209?
19
What is the greatest common factor of 25531 and 15367?
121
Calculate the greatest common factor of 24 and 135612.
12
Calculate the greatest common divisor of 177 and 2167542.
177
Calculate the highest common divisor of 346 and 2459714.
346
What is the highest common factor of 4197964 and 1212?
404
Calculate the highest common divisor of 1295663 and 107.
107
What is the highest common factor of 56 and 569604?
28
Calculate the greatest common divisor of 121926 and 42.
42
What is the greatest common factor of 4559715 and 855?
855
What is the highest common divisor of 15012 and 13392?
108
What is the highest common factor of 6066 and 84?
6
Calculate the greatest common factor of 29616 and 32.
16
Calculate the greatest common factor of 4628 and 1196.
52
What is the greatest common divisor of 22979 and 1958?
11
What is the highest common divisor of 513318 and 312?
78
What is the highest common factor of 33 and 87560?
11
Calculate the highest common divisor of 918 and 7174.
34
Calculate the highest common divisor of 4 and 3158.
2
What is the highest common divisor of 69716 and 580?
116
What is the greatest common factor of 93 and 110391?
93
What is the highest common divisor of 55925 and 25?
25
Calculate the greatest common factor of 196 and 568988.
196
What is the greatest common factor of 638843 and 527?
17
Calculate the highest common factor of 1424 and 6504120.
712
What is the greatest common divisor of 4384 and 72?
8
What is the highest common factor of 181408 and 32?
32
Calculate the greatest common factor of 1716 and 3653.
13
Calculate the greatest common divisor of 11760 and 18312.
168
What is the highest common factor of 15966576 and 144?
144
Calculate the greatest common divisor of 456 and 72333.
57
What is the greatest common factor of 172621 and 5141?
53
Calculate the highest common factor of 48640 and 50.
10
What is the greatest common factor of 5662 and 380?
38
What is the greatest common factor of 351 and 2379?
39
What is the highest common factor of 390112 and 21608?
584
Calculate the highest common divisor of 12 and 30909.
3
What is the greatest common factor of 24 and 1435064?
8
What is the highest common factor of 24300 and 112725?
675
What is the greatest common factor of 2323 and 303?
101
Calculate the greatest common factor of 5894 and 322.
14
Calculate the greatest common divisor of 36312 and 748.
68
What is the highest common factor of 240 and 148360?
40
What is the highest common factor of 116124 and 36?
12
Calculate the highest common factor of 660 and 1130.
10
Calculate the highest common divisor of 45486 and 57.
57
What is the highest common factor of 87796 and 1401?
467
Calculate the greatest common divisor of 6679 and 23.
1
Calculate the greatest common factor of 35471 and 17696.
79
Calculate the greatest common divisor of 528 and 243184.
16
Calculate the greatest common divisor of 414834 and 1176.
294
What is the highest common divisor of 140 and 4704?
28
Calculate the greatest common factor of 4644 and 115068.
516
What is the highest common divisor of 164 and 191060?
164
What is the highest common factor of 8544 and 531?
3
Calculate the greatest common factor of 458491 and 297.
11
What is the highest common factor of 224 and 42203?
7
What is the highest common factor of 17816 and 1564?
68
What is the greatest common factor of 552 and 2328?
24
Calculate the highest common divisor of 1 and 1669.
1
What is the greatest common factor of 10812 and 4828?
68
What is the highest common divisor of 1242 and 48222?
54
What is the greatest common divisor of 32096 and 3757?
17
Calculate the greatest common factor of 833733 and 729.
243
Calculate the greatest common divisor of 13 and 2384993.
13
What is the highest common factor of 328 and 6248?
8
Calculate the greatest common factor of 172368 and 1672.
152
What is the highest common factor of 300 and 199725?
75
Calculate the greatest common divisor of 2538 and 14570.
94
Calculate the highest common divisor of 231 and 159390.
231
Calculate the highest common divisor of 545 and 77281.
109
What is the highest common factor of 1881 and 9747?
171
Calculate the greatest common factor of 15 and 1353.
3
What is the greatest common factor of 77 and 92917?
11
Calculate the highest common factor of 254408 and 112.
56
Calculate the greatest common divisor of 47789 and 21.
7
Calculate the highest common factor of 4620 and 288596.
308
Calculate the greatest common factor of 21 and 67398.
3
Calculate the highest common factor of 474625 and 125.
125
Calculate the highest common factor of 8738 and 1037766.
514
What is the greatest common divisor of 4095 and 135?
45
What is the high